 3, 7, 9452897
What are the prime factors of 28458793?
11, 2587163
List the prime factors of 50971636.
2, 2741, 4649
What are the prime factors of 14398769?
7, 11, 67, 2791
List the prime factors of 1454362022.
2, 83, 769, 11393
List the prime factors of 801061453.
801061453
List the prime factors of 49762212.
2, 3, 409, 10139
List the prime factors of 310482706.
2, 155241353
What are the prime factors of 205893675?
3, 5, 13, 43, 1637
What are the prime factors of 421012?
2, 105253
What are the prime factors of 1788366344?
2, 6151, 36343
List the prime factors of 12280133.
73, 149, 1129
What are the prime factors of 276887203?
461, 600623
List the prime factors of 5571730823.
73561, 75743
What are the prime factors of 46483964?
2, 11620991
List the prime factors of 74569523.
7, 131, 11617
What are the prime factors of 19663430?
2, 5, 1966343
What are the prime factors of 298045054?
2, 17, 8766031
What are the prime factors of 1000718414?
2, 2017, 248071
What are the prime factors of 93450852?
2, 3, 11, 47, 5021
List the prime factors of 106394530.
2, 5, 11, 787, 1229
What are the prime factors of 579473617?
579473617
What are the prime factors of 126371806?
2, 11, 101, 56873
List the prime factors of 282658291.
97, 359, 8117
What are the prime factors of 5025162922?
2, 13, 43, 1607, 2797
List the prime factors of 2789642202.
2, 3, 464940367
List the prime factors of 762339222.
2, 3, 421, 33533
What are the prime factors of 1843651215?
3, 5, 7, 433, 1931
List the prime factors of 12694688.
2, 396709
List the prime factors of 987299524.
2, 127, 157, 12379
What are the prime factors of 4343942054?
2, 587, 1321, 2801
What are the prime factors of 132774889?
13, 10213453
What are the prime factors of 89189396?
2, 43, 518543
List the prime factors of 109856582.
2, 11, 29, 409, 421
What are the prime factors of 489724222?
2, 13, 18835547
List the prime factors of 2271215860.
2, 5, 647, 175519
What are the prime factors of 2311384995?
3, 5, 51364111
List the prime factors of 3309858354.
2, 3, 11, 50149369
List the prime factors of 236475.
3, 5, 1051
List the prime factors of 1143337880.
2, 5, 28583447
What are the prime factors of 49709373?
3, 7, 338159
What are the prime factors of 241691942?
2, 4801, 25171
List the prime factors of 386821584.
2, 3, 491, 5471
List the prime factors of 1368982149.
3, 23, 29, 127, 5387
List the prime factors of 96516568.
2, 47, 107, 2399
List the prime factors of 498614859.
3, 191, 3581
What are the prime factors of 4400010148?
2, 1100002537
What are the prime factors of 2181048556?
2, 545262139
What are the prime factors of 25274258?
2, 113, 111833
What are the prime factors of 122611188?
2, 3, 7, 29, 50333
List the prime factors of 196549572.
2, 3, 41, 399491
What are the prime factors of 28854153?
3, 67, 109, 439
What are the prime factors of 1597625184?
2, 3, 17, 19, 67, 769
List the prime factors of 1704567222.
2, 3, 94698179
What are the prime factors of 2210530046?
2, 23, 29, 71, 23339
List the prime factors of 14222814.
2, 3, 2370469
List the prime factors of 35132873.
2851, 12323
What are the prime factors of 66390421?
66390421
List the prime factors of 100660279.
6163, 16333
What are the prime factors of 5342231268?
2, 3, 11, 991, 13613
List the prime factors of 92601615.
3, 5, 6173441
What are the prime factors of 39273283?
7, 5610469
List the prime factors of 127373092.
2, 7, 11, 37, 11177
List the prime factors of 32293331.
7, 19, 242807
What are the prime factors of 95959482?
2, 3, 71, 225257
List the prime factors of 528773436.
2, 3, 167, 281, 313
List the prime factors of 63872094.
2, 3, 11, 13, 17, 29, 151
List the prime factors of 814105740.
2, 3, 5, 7, 109, 17783
List the prime factors of 7013949769.
19, 569, 648779
List the prime factors of 26199898.
2, 19, 23, 31, 967
List the prime factors of 50625277.
23, 2201099
What are the prime factors of 20085649?
509, 39461
List the prime factors of 134231879.
134231879
What are the prime factors of 588169521?
3, 1367, 47807
List the prime factors of 306106498.
2, 137, 1117177
List the prime factors of 4097080.
2, 5, 13, 7879
What are the prime factors of 103726641?
3, 241, 143467
List the prime factors of 9407140668.
2, 3, 23, 337, 33713
What are the prime factors of 1645081090?
2, 5, 191, 861299
What are the prime factors of 49487819?
49487819
List the prime factors of 2485156601.
23, 5209, 20743
List the prime factors of 36013048.
2, 347, 12973
What are the prime factors of 223720594?
2, 111860297
List the prime factors of 12569229.
3, 31, 15017
What are the prime factors of 5001111969?
3, 7, 17, 307, 45631
What are the prime factors of 2261883727?
19843, 113989
What are the prime factors of 687377039?
4241, 162079
What are the prime factors of 8062589?
8062589
List the prime factors of 143847373.
1201, 119773
List the prime factors of 646728031.
5113, 126487
List the prime factors of 408390974.
2, 61, 79, 42373
What are the prime factors of 191993653?
2203, 87151
List the prime factors of 73988192.
2, 83, 89, 313
What are the prime factors of 160893533?
23, 73, 79, 1213
List the prime factors of 2103128193.
3, 241, 2908891
List the prime factors of 176267729.
11, 16024339
List the prime factors of 29675085.
3, 5, 11, 179849
List the prime factors of 1038402613.
41, 839, 30187
List the prime factors of 1450641782.
2, 911, 796181
What are the prime factors of 4078430309?
557, 7322137
List the prime factors of 81755773.
11, 31, 239753
What are the prime factors of 1241403271?
1241403271
List the prime factors of 742708148.
2, 7, 13, 2040407
List the prime factors of 287893794.
2, 3, 3271, 14669
What are the prime factors of 289094573?
289094573
List the prime factors of 107373028.
2, 7, 19, 201829
What are the prime factors of 226616606?
2, 89, 1273127
List the prime factors of 3110703.
3, 103, 10067
List the prime factors of 701708816.
2, 43856801
List the prime factors of 1713907416.
2, 3, 13, 31, 43, 317
What are the prime factors of 89612253?
3, 17, 131, 263
List the prime factors of 47122707.
3, 15707569
List the prime factors of 35436267.
3, 3937363
List the prime factors of 4498475047.
11, 15619, 26183
What are the prime factors of 873843213?
3, 101, 107, 26953
What are the prime factors of 109756135?
5, 89, 246643
List the prime factors of 4397646549.
3, 16547, 88589
List the prime factors of 181986567.
3, 7, 8666027
What are the prime factors of 65728564?
2, 11, 701, 2131
List the prime factors of 453128868.
2, 3, 12586913
List the prime factors of 527927513.
29, 907, 20071
List the prime factors of 185757014.
2, 229, 239, 1697
List the prime factors of 1020819777.
3, 127, 563, 4759
List the prime factors of 187196955.
3, 5, 11, 83, 13669
What are the prime factors of 842119002?
2, 3, 46784389
What are the prime factors of 1357738337?
17, 79866961
What are the prime factors of 2073084585?
3, 5, 11, 13, 19, 50867
List the prime factors of 6354841534.
2, 23, 233, 673, 881
What are the prime factors of 234683976?
2, 3, 109, 283, 317
What are the prime factors of 1143565145?
5, 4339, 52711
List the prime factors of 136758332.
2, 137, 479, 521
List the prime factors of 109296188.
2, 27324047
What are the prime factors of 325911074?
2, 162955537
What are the prime factors of 822211461?
3, 521, 175349
List the prime factors of 129579865.
5, 17, 1524469
What are the prime factors of 45015603?
3, 53, 283117
What are the prime factors of 248403216?
2, 3, 59, 239, 367
List the prime factors of 29242846.
2, 29, 504187
What are the prime factors of 189796312?
2, 23724539
What are the prime factors of 332033822?
2, 166016911
List the prime factors of 99534839.
41, 167, 14537
List the prime factors of 4560468586.
2, 17, 134131429
List the prime factors of 27913221.
3, 7, 147689
What are the prime factors of 33927915?
3, 5, 7, 323123
List the prime factors of 383992425.
3, 5, 1706633
List the prime factors of 22971053.
7, 193, 347
What are the prime factors of 2347346083?
2347346083
List the prime factors of 55215891.
3, 173, 11821
What are the prime factors of 2543625919?
31, 4133, 19853
List the prime factors of 1333166179.
19, 107, 181, 3623
List the prime factors of 1048450886.
2, 7, 59, 1269311
What are the prime factors of 41326304?
2, 1291447
What are